 1047 - (0 + 2 + -1). Let c = a - q. Is c a composite number?
True
Suppose -c + 20703 = -3*l, -24*c = -26*c - 3*l + 41433. Suppose j - c = -11*j. Is j a prime number?
False
Suppose -2*t - 2*d = -10, 0 = t + 3*d - 6 - 5. Let u be t + (3 - (-2717 - -4)). Suppose -h + 2753 = h + 3*c, 2*h = 4*c + u. Is h prime?
False
Is ((-1)/2)/(-5 - ((-1799693)/(-1799686) - 6)) a composite number?
False
Let m(n) = 5*n + 38. Let g be m(-7). Suppose 2*p - 2*q - 18 = 0, 0*q + 3*q = -p - 11. Suppose -p*t = 3*y - 5596, 0*y + 2*y = -g*t + 4197. Is t a prime number?
True
Let k = 139501 + -94112. Is k a composite number?
False
Let x be (-54)/45*870/(-18). Is x/(-2)*-266 - -9 a composite number?
False
Let a be 1*(-16)/12 + (-136)/(-12). Let x be a/(-8)*2*(-16)/10. Suppose x*u = 3293 + 1199. Is u a prime number?
True
Suppose 116*k = 127*k - 1052491. Is k prime?
False
Let u be 4 - 293*16/4. Let l = -585 - u. Is l prime?
False
Let j = 67 - 66. Let v be 2*(2 - j/2). Suppose 5*f + 3*h - 1243 = 0, 522 = -f + v*f - 5*h. Is f a prime number?
True
Let d be 11790/(-72) - (-2)/(-8). Let v = d - -351. Is v a prime number?
False
Let f(m) = -2*m - 37. Let q be f(-22). Suppose -y = 4, 5*z + 5*y = 42 - q. Suppose z*x - x = 6990. Is x composite?
True
Let u = 50 + -31. Let x = u - 11. Is -2 - 2*(2 + (-868)/x) composite?
False
Suppose -2*c = r - 9 - 0, -c = 2*r - 6. Suppose -m - 3*m + 1417 = -5*l, c*m + 5*l = 1447. Let i = -247 + m. Is i a composite number?
True
Let x(w) = 3014*w**2 - w - 18. Let r be x(5). Let h = r + -42490. Is h a prime number?
False
Let u be -1 - (33/(-11))/(2/22). Let p be (-112)/u*2/(-7). Let q(x) = 34*x + 3. Is q(p) prime?
True
Suppose 597*r - 4*v + 747060 = 601*r, 4*r + 5*v = 747056. Is r a composite number?
True
Is -94 + 103 + 52*5344 a prime number?
True
Let c = 3769 + 155. Suppose -c = 8*n + 10*n. Let g = n - -735. Is g prime?
False
Suppose -7*a - 72 = -16*a. Suppose -18852 = -a*p - 3260. Is p a prime number?
True
Suppose -2*g + 371 = -5*c - 148, 10 = 5*g. Let y = c + 107. Suppose 5*z - 5576 = j, -y*j - 2 = 2. Is z prime?
False
Suppose -2*l = -2*o + 3*l + 42, 4*o - 3*l - 56 = 0. Let p be 3 - ((-1248)/33 - 2/11). Suppose -o*i + p = -69. Is i prime?
False
Let c be (-1 - -4) + (-3 - -5). Suppose 0 = -5*b + c + 5. Is ((-4)/(-4))/(b/758) a prime number?
True
Let o be 2*(-2 - (-6)/12). Let b(z) = -63*z**3 + 2*z**2 - 6*z - 4. Is b(o) prime?
True
Let p = 154119 - 43712. Is p a composite number?
True
Let k(f) = -7*f**3 - 2*f**2 - f + 5. Suppose 3*z + 81 = 6*z. Suppose z = -6*t + 9. Is k(t) a composite number?
False
Is (-7)/((-945)/36041055) + 7/((-189)/(-6)) composite?
False
Let l(u) = -4*u**2 - 8*u + 8. Let k(o) = o**2 + o. Let s(p) = 3*k(p) + l(p). Let d be s(-6). Is (-11064)/(-54) + d/18 prime?
False
Let m be 368/(-6)*(2 - (-2 + 7)). Let n = m + 267. Let o = 754 - n. Is o composite?
True
Let p = -16802 - -41373. Is p a prime number?
True
Let k(d) = -9*d**2 - 91*d - 5. Let l be k(-10). Suppose -8*g = 3*z - 7*g - 230881, 0 = -2*z + l*g + 153932. Is z a prime number?
True
Let b(j) = 167*j**2 - 117*j + 19. Let d(n) = 55*n**2 - 39*n + 7. Let k(l) = -2*b(l) + 7*d(l). Is k(7) a prime number?
True
Suppose -2*m - 6 = 0, m = -5*w + 12 - 0. Suppose -5*q - b + 521 = -439, -558 = -3*q + w*b. Is q a prime number?
True
Suppose -s + 4*d - 101 = 5*d, -s - 3*d - 93 = 0. Let k = s - -109. Is ((18/k)/9)/((-1)/(-164)) prime?
False
Is 115722672/276 + (-3)/69 a prime number?
False
Let t(m) = 3*m**2 - 29*m - 8. Let z be t(10). Let p(h) = 548*h**3 - 7*h**2 + 19*h - 3. Is p(z) a prime number?
True
Let d = -38831 + 105630. Let x = d + -23556. Is x a prime number?
False
Suppose -5*u - z + 9872 = -0*z, -3*u - 2*z = -5926. Let a = -535 + u. Is a a composite number?
False
Let c = 21553 + -92. Suppose 0 = -8*h + 22179 + c. Is h composite?
True
Let z = -5398 + 9511. Suppose -z = -12*r + 627. Is r a composite number?
True
Let x be (1/(-6))/((-13)/78). Let d be (-10)/((-1 + 3)*x). Is (-256)/d + 3/(-15) prime?
False
Suppose 11*j = 13*j. Suppose 4*b - 2*r - 46312 = j, 4*b + 18*r = 17*r + 46318. Is b composite?
False
Suppose 4*n + 11 = -8*q + 3*q, 4*n + 2*q = -2. Is ((-9)/6 + 2)/(n/3802) prime?
True
Let m(k) = k**2 - 32*k + 42. Let y be m(31). Suppose y*x = 19*x - 45992. Is x a prime number?
True
Let n = -301 - -306. Is (-1)/((-77339)/38669 + n + -3) a composite number?
False
Let x = 18 + -19. Let d be 1 + 3 + x + (-2)/2. Suppose -4*f - 5*p + 3100 = -2623, 0 = d*f - 5*p - 2899. Is f a composite number?
True
Let j(d) = d**2 + 10*d + 37. Let c be j(-6). Suppose c*w - 235 = 14*w. Let a = w - -768. Is a prime?
False
Suppose 209 = 5*o + 199. Suppose -o*p + 98768 = -12*m + 16*m, 4*p + 24683 = m. Is m a composite number?
False
Suppose -5*b = 0, 2*r + 2*b = r - 6. Let v(t) = -30*t + 11. Is v(r) a composite number?
False
Let x(c) = -974*c + 11. Is x(-27) a prime number?
True
Suppose 0 = -4*k - 20, -2*h - 3*k = 15 - 0. Suppose -2*o + 8*f = 4*f + 582, h = -4*o + 5*f - 1158. Is (-74210)/o - (1 + 10/(-7)) a prime number?
False
Let h(d) = 6*d + 6. Let g be h(-2). Let q(u) = 14*u**3 + 5*u**2 + 5*u + 10. Let b be q(-10). Is b/(-68) + g/51 a prime number?
True
Let z(l) = -2*l**3 + 7*l**2 - 2*l - 5. Let f be z(3). Is f - -1 - (-3471 + 13) a prime number?
True
Let k(m) = -27*m**3 - 3*m**2 + 243*m - 8. Is k(-21) a prime number?
True
Suppose 0*x - 15 = -3*x. Suppose 0 = 4*q - v + 36125 - 223547, -x*q - 3*v + 234269 = 0. Is q composite?
True
Let s(f) = -287 + f - 3*f**3 + 289 + 5*f**2 - 4*f**3. Is s(-4) composite?
True
Let u(f) = 145*f**3 + 7*f**2 - 2*f - 5. Let r be (-3)/((-8)/32*3). Is u(r) a prime number?
False
Let x be 4/(10/(-25)*-10). Is x/3 - (-11950)/15 composite?
False
Let v = -233 - -412. Let a = v - -41166. Is a composite?
True
Suppose -4*k + o + 19 = 0, 4*o + 1 - 10 = -k. Suppose -h = 5*z - 284, 20 = 2*z + k*h - 89. Is z a prime number?
False
Suppose -17 = -2*j + 19. Suppose -j*m + 51606 + 38988 = 0. Is m composite?
True
Let t(c) = -22947*c - 1348. Is t(-5) a prime number?
False
Let f = 211207 + -108446. Is f a composite number?
False
Is ((-46)/(-69))/(4/1578774) a prime number?
True
Let s(z) = -20*z + 154. Let v be s(8). Is v/(-18) + 29800/6 prime?
True
Let w be (-9)/(-4 - -7) + 2. Let i be 3*w*(3 + (3 - 7)). Is 2*2 + i + 1408 a composite number?
True
Let q = 278 - 273. Suppose 5*r + 9324 = 4*b, -5*r = -q*b + 4460 + 7190. Is b a prime number?
False
Let g(v) = -v**3 + 4*v**2 + 13*v - 7. Let u be g(6). Let l(a) = -3599*a - 10. Is l(u) a composite number?
True
Let z = 19911 - 11858. Is z prime?
True
Let t = -149 - -216. Let b = -65 + t. Suppose 4*s = w + 5439, -5*s + 418 = b*w - 6397. Is s a prime number?
True
Suppose 4*c + 9761 = -3*t, -4*t = 3*c - t + 7317. Is (c/6)/(28/21 + -2) prime?
False
Suppose 11*r = 14*r - 67641. Is r a composite number?
True
Let n = -1181 - -1183. Let r = 257 - 152. Is (294/r)/(n/85) a composite number?
True
Let n be ((-14)/10)/((-6)/30). Let r(d) = -8 + 5*d**2 - 19*d**2 + d**3 + 12*d**2 + 11*d. Is r(n) composite?
True
Suppose 4*x - 2*l - 7392 = 0, -3484 = -5*x + 3*l + 5756. Let n = x + -631. Is n composite?
False
Suppose -6*j + 36 = 5*r - 2*j, -4*j - 36 = -4*r. Let z be (3 + (-1 - 1))*(r + 17). Is -74*(z/10 + -4) a prime number?
False
Is (-13)/(-1) + 50657 + -23 a composite number?
False
Let g(o) = 221*o**2 + 4*o - 5. Let x be g(1). Let c be (51 + -9)/((-1)/(-5)). Suppose -5*y = -x - c. Is y composite?
True
Let x = 1632 - 1152. Is x + (6 - (8 + -3)) composite?
True
Let o = -128792 - -285505. Is o a prime number?
False
Let f = 5426 + -3154. Let a = 931 + f. Is a prime?
True
Let l = 72 + -66. Suppose -7*j + 2 = -l*j. Is -2*(-1 - ((-813)/(-6) - j)) prime?
True
Let m = -123 - -148. Is 29388/10 - (-5)/m prime?
True
Is (1/4)/((-2)/(-119144)) a prime number?
False
Suppose 0 = -19*r + 180 + 599. Let j(t) = 3*t**2 - 41*t - 199. Is j(r) prime?
True
Let f be ((-66)/10 + 6)*-40. Is (-598780)/(-21) - 8/f a composite number?
False
Let g(v) = -32*v + 130. Let l be g(4). Is (-2)/l + 2 + 27852/6 a prime number?
True
Is (-7646 - -83)/(0 + -2 + -1) a prime number?
True
Suppose 0 = -3*l + 9 - 12. Is (838/8*l)/((-35)/700) a composite number?
True
Let n be 632/((-6)/(-6)) + -8. Suppose -n*q + 622*q + 118 = 0. Is q a composite number?
False
Suppose p = -3*h + 10 + 4, -p = 4. Let y be 6/(-4)*(-1)/(h/(-4)). I